(w). What is f(5)?
3
Let f(r) = 6*r - 5. Let m(c) = -34*c + 20. Let l(p) = -12*p + 7. Let v(j) = 8*l(j) - 3*m(j). Let y(s) = 5*f(s) - 6*v(s). What is y(-2)?
11
Let t(u) be the second derivative of 27*u**5/10 + 558*u. Determine t(-1).
-54
Let h(g) = -8*g - 7. Let m(r) = -r - 4. Let d(s) = -s - 9. Let x(b) = 2*d(b) - 5*m(b). Let i(a) = 4*h(a) + 11*x(a). Suppose -3*z = 209 - 227. Calculate i(z).
0
Let w(p) = -6*p**3 - p**2 + 7*p**3 - 2*p + p. Let o = -39 + 22. Let l = o - -18. Determine w(l).
-1
Let n be 106/(-7) - (-520)/455. Let h(q) = -q**2 - 13*q + 19. What is h(n)?
5
Suppose 3*j - t = 1 + 5, -3*t = 0. Suppose 0*i + 2 = i + j*c, -5*i + 21 = -c. Let m(v) = -2*v**2 + 3*v + 1. Give m(i).
-19
Let t(b) be the second derivative of 7*b**3/6 + 3*b + 13. Let m be (-5)/2 + (-3)/(-6). Determine t(m).
-14
Let t(b) = -4*b - b**2 - 4*b**2 + 3*b**2 + 1. Suppose 3*k = k. Suppose -3*r + 2*r - 3 = k. Calculate t(r).
-5
Let h be (-3)/((27/(-6))/9) - 3. Let y(u) = 4*u**3 - 17*u**2 - 21*u + 7. Let r(j) = -j**3 + 4*j**2 + 5*j - 2. Let m(v) = -9*r(v) - 2*y(v). Give m(h).
4
Suppose 0 = p + 5*n - 4, -2*p = 3*n + 1 - 9. Let g be p/(3 + (-2)/2). Let f(l) = -16*l - 30. Let d(w) = 3*w + 6. Let b(a) = g*f(a) + 11*d(a). Give b(-6).
0
Let h be 80/(-15)*9/6 - -2. Let f be (-90)/(-21) + 4/(-14). Let r(m) = -m + 4*m - 4 - f*m. What is r(h)?
2
Let g(d) be the first derivative of -d**4/4 - d**3/3 - d**2/2 - 7*d - 1. Suppose 3*z + b = 15, -b + 6*b = z - 5. Let f = 5 - z. Determine g(f).
-7
Let m(s) be the second derivative of -s**5/20 - 7*s**4/12 - 3*s**3/2 - 5*s**2/2 + 2*s. Let v(j) = -j**3 + 24*j**2 - 24*j + 17. Let i be v(23). Calculate m(i).
13
Let h(z) = z + 29 - 72 + 27. Determine h(12).
-4
Let k(o) = -o - 2. Let i(u) = 3*u + 7. Let h(r) = -i(r) - 2*k(r). What is h(12)?
-15
Let l = -139 - -150. Let f(i) = i**2 - 11*i - 8. Calculate f(l).
-8
Let s(o) be the first derivative of o**4/4 - 2*o**3/3 + o**2 - 9*o + 16. Let i be s(3). Let j(r) = -2*r + 8. What is j(i)?
-4
Suppose 4*j = 2*j + 4. Let i(o) = 22*o - 6 + 3*o**2 - 23*o - j*o**2. Calculate i(0).
-6
Let h(t) be the second derivative of 1/12*t**4 + 0 - 1/2*t**3 - 5*t**2 - t. Determine h(7).
18
Let t(m) = m**2 - 7*m - 8. Let j(i) = -4*i**2 + 22*i + 26. Let s(k) = -3*j(k) - 10*t(k). What is s(-3)?
8
Let q(s) = 2*s + 2. Suppose 0*c = 2*c + v + 12, 5*c + 5*v + 40 = 0. Calculate q(c).
-6
Suppose 3*g + 2 = -13. Let s(y) be the second derivative of 0 + 1/6*y**3 + 7/2*y**2 - 50*y. Calculate s(g).
2
Let w(f) = -6*f**3 - 10*f**2 - f - 5. Let r(m) = -2*m**2 - 1. Let h(p) = -5*r(p) + w(p). Determine h(-1).
7
Let w(d) = 5*d**2 - 2*d. Let m be (2 - 60/16) + (-9)/(-12). Calculate w(m).
7
Suppose x = -3*x + 8. Suppose -16 = 32*c - 36*c. Suppose 5*g + 4*y + 17 = 0, -x*y + 10 = -4*g - c*y. Let p(a) = 8*a. Determine p(g).
-8
Let s(c) be the third derivative of -c**8/6720 - c**7/630 - c**6/180 + c**5/120 + c**4/3 - 17*c**2. Let m(v) be the second derivative of s(v). Determine m(-3).
4
Suppose 2*t = 3*t. Suppose -5*y + t = -l + 11, l + 4*y = 2. Let u(h) = l*h + 0*h - 1 + 0. Give u(1).
5
Let x(p) = p**2 + 3*p - 3. Suppose -2*a + 30*v = 26*v, 5*a + 5*v + 30 = 0. Give x(a).
1
Suppose -3*o + 10 = 2*o. Let i(k) = 3*k**2 + 2*k - 3*k - 6*k**o - 2 + 2*k - k**3. Suppose -9*s = 3 + 33. Give i(s).
10
Let b(c) = -10*c**3 - 2*c + 1. Let s(y) = 2*y**2 - 9*y - 4. Let x be s(5). Determine b(x).
-11
Let o(t) be the first derivative of -5*t**2/2 + 16*t - 438. Give o(7).
-19
Suppose 3 = l + 2*l, 0 = 2*y + l - 9. Let r(w) = 6*w + 5. Let g(k) = 7*k + 5. Let v(x) = 4*g(x) - 5*r(x). Give v(y).
-13
Let z(a) = -a**3 + 10*a**2 + 8*a + 36. Let y be z(11). Let b be 160/30 - 1/y. Let f(j) = -j**2 + 5*j - 5. Give f(b).
-5
Let i = -1 + -3. Let p(r) be the second derivative of r**3/3 + 5*r**2/2 - 5*r. Determine p(i).
-3
Let q(v) = -v**3 + 2*v**2 - 4*v + 3. Suppose 43 = 14*h + 1. Determine q(h).
-18
Suppose -s - 13 = -3*f, 5*s = -f + 3*s - 5. Let m(o) = 1 - 2*o - 3*o**2 + o**3 - 2*o**2 - f. Suppose 20*i - 28*i = -40. Give m(i).
-12
Let j be (-36)/(-63)*14/4. Suppose -j*a - 12 = -8*a. Let z(b) = 3 + a*b - b - 2*b + 0*b. Give z(0).
3
Let t(v) be the first derivative of 6 + v**2 + 3/2*v**3 + 0*v + 1/60*v**5 - 3/8*v**4. Let q(z) be the second derivative of t(z). Determine q(7).
-5
Let q(t) be the first derivative of 5*t**2 + 34*t - 454. What is q(-3)?
4
Let m(z) = -z + 2. Let w be m(3). Let p(d) be the first derivative of -4*d**2 + d - 8. Give p(w).
9
Let y(v) be the third derivative of -v**8/6720 + v**7/360 - 7*v**6/720 - v**5/24 + v**4/24 + 25*v**2. Let c(b) be the second derivative of y(b). What is c(6)?
-11
Let s(r) be the first derivative of -r**2 - 8*r - 246. What is s(-4)?
0
Let y(m) be the first derivative of 7*m**4/2 - 2*m**3/3 - 3*m**2/2 - m - 93. Calculate y(-1).
-14
Suppose -3*f = 4*v - 43 + 4, 0 = -2*f + 10. Let s be (-4)/(-8)*v + -1. Let m(u) = -7*u**3 + 53*u**s - 52*u**2 + 2*u - 3*u. Give m(1).
-7
Let u(a) = -a**2 + 5*a - 7. Suppose 5*g = 3 - 18, -3*g = 3*f - 6. Determine u(f).
-7
Let d(s) = -7*s**2 - 2*s - 28*s**2 - s**3 + 29*s**2 - 7. Let w be 0/2 + 1 + -7. What is d(w)?
5
Let b(v) be the first derivative of -5*v**3/3 + 7*v**2/2 - 6*v - 509. Calculate b(1).
-4
Let h(b) = -4*b + 18. Suppose -207 - 189 = -66*r. Give h(r).
-6
Let c(l) be the third derivative of 0 - 2*l**2 + 0*l**4 + 2/3*l**3 + 0*l - 1/360*l**6 + 0*l**5. Let v(a) be the first derivative of c(a). What is v(1)?
-1
Let f(j) = j - 3. Let u(s) = 5*s**2 + 3*s + 2. Let g be u(-1). Calculate f(g).
1
Let v(d) be the second derivative of -2*d**2 + 5*d + 1/6*d**3 + 0. Let i = 13 + -7. What is v(i)?
2
Let g(o) be the second derivative of 2*o**2 + 15*o + 0 + 1/6*o**3. Calculate g(-7).
-3
Let v(z) be the second derivative of -z**3/2 + 3*z**2/2 - 257*z + 2. Determine v(-8).
27
Let j(i) be the first derivative of -1/2*i**2 - 1/3*i**3 - 9 - 1/4*i**4 + 4*i. What is j(0)?
4
Let l(w) = 6*w**3 + 3*w**2 + 9*w + 18. Let o(h) = -h**3 + h**2 + h. Let u(k) = l(k) + 5*o(k). Let s be u(-6). Let y(q) = q - 14. Give y(s).
-8
Let b = -4 + 6. Let p(d) be the first derivative of -d**4/4 + 2*d**3/3 - d**2 + 2*d - 276. What is p(b)?
-2
Suppose 12*z + 130 = 17*z. Suppose 3*i + 4 = v - 7, 4*v = 3*i + z. Let h(m) = -m**2 + 6*m - 1. Calculate h(v).
4
Let i = 91 + -84. Suppose -2*v = -4*h + 44, i*h - 2*h + 4*v - 29 = 0. Let u(d) = -d**3 + 8*d**2 + 9*d + 9. Calculate u(h).
9
Suppose -4*o = -4 - 0. Let c(m) = -19*m + 10*m + 0 + 10 - 10. What is c(o)?
-9
Let g(b) = -b**3 - 9*b**2 + 8*b - 7. Let n(u) = -6*u**3 - 45*u**2 + 45*u - 35. Let s(z) = -11*g(z) + 2*n(z). Calculate s(9).
25
Let z be (65 - 65)*-1*(-2)/4. Let o(d) be the second derivative of d**5/20 + d**4/12 + d**3/6 + 3*d**2 + 8*d. Calculate o(z).
6
Suppose -25*n - 310 = -20*n. Let t = n - -65. Let l(w) = w**3 - 2*w**2 - 5*w + 4. Give l(t).
-2
Suppose -3*c - 2 = 4. Let u be (c + 0)/((-1)/2). Let o(d) = 13 + u*d**3 - 5*d**3 + 0*d**3 - d**2. Calculate o(0).
13
Let g(a) = -103*a + 611. Let d be g(6). Let u(n) = -2*n - 5. What is u(d)?
9
Let y(k) = k**2 - 8*k + 9. Let d be y(6). Let b(o) = -2*o**3 + o**2 + 1. Let i(z) = -9*z**3 + 2*z**2 + 4*z + 8. Let u(j) = 4*b(j) - i(j). Determine u(d).
-1
Let b(g) = -g**2 - 5*g + 23. Let c(k) = k**2 + 5*k - 20. Let m(h) = 4*b(h) + 5*c(h). What is m(-5)?
-8
Let q(u) = 6*u**3 - u**2 + 1. Suppose 30*h - 52 = -22. Determine q(h).
6
Let t = -261 - -260. Let d(p) = -p**2 - p - 1. Let u(r) = -2*r**2 + 5*r + 5. Let q(w) = 6*d(w) + u(w). Calculate q(t).
-8
Suppose 8*c + 35 = c. Let k(x) be the second derivative of 0 - 5/2*x**2 - 5*x - 1/6*x**3. What is k(c)?
0
Let v(u) = -3*u + 21. Let l = 533 - 525. Give v(l).
-3
Let f(k) be the third derivative of -3*k**5/5 - k**4/12 - k**3/6 + 10*k**2 - 2. Determine f(-1).
-35
Let k(z) = -z - 1. Let t(n) = -6*n - 8. Let a(b) = -10*k(b) + t(b). Let d = 37 + -32. Suppose 22 = v + d*p, 30 = 5*v + 4*p + p. Determine a(v).
10
Let o = -20 + 13. Let c(r) = 3*r**3 + 15*r**2 - 34*r - 20. Let a(u) = u**3 + 5*u**2 - 11*u - 7. Let q(h) = o*a(h) + 2*c(h). Give q(-6).
-9
Let m(f) be the second derivative of f**3/6 - 15*f**2/2 + 97*f. What is m(4)?
-11
Let g(c) = c**2 + 3*c + 5. Let w(a) = -a + 7. Let n be w(11). Let b(q) = q**2 + 2*q + 6. Let y(m) = n*g(m) + 3*b(m). Suppose 5*x - 6 + 26 = 0. Determine y(x).
6
Let h(o) = -15*o + 12. Let 